se 0 = -3*w - w + 2*a + 482, k*w = -4*a + 216. Calculate the highest common divisor of 59 and w.
59
Suppose -3*w - 182 = -2*m + 3*m, -306 = 5*w + m. Let r = 83 + w. Let a = 29 - 15. Calculate the highest common factor of a and r.
7
Let k(a) = a**3 - 20*a**2 + 35*a + 52. Let o be k(18). What is the greatest common factor of o and 1?
1
Let p = -186 - -144. Let x = -25 - p. What is the greatest common divisor of 493 and x?
17
Suppose w - 10*n = -11*n + 13, n - 33 = -3*w. Suppose -31 - 1 = 8*a. Let v be 19 + (1 - 0/a). Calculate the highest common factor of w and v.
10
Let k = -3 - -13. Let r = 16 - k. Let l be ((-2)/(-6))/((-30)/(-270)). Calculate the highest common factor of r and l.
3
Suppose 3*d + 13 = 1, 7*d + 16358 = 5*h. Calculate the highest common factor of h and 142.
142
Suppose -3*x + 4*h - 921 = 6*h, 5*h = -x - 294. Let v = 344 + x. What is the highest common factor of v and 7?
7
Suppose -152*z + 161*z = 3843. What is the highest common divisor of z and 203?
7
Let y be -3*(-4 + -2 + (-6)/9). Calculate the greatest common divisor of y and 212.
4
Let j = 116 - -111. Let i = j - 131. What is the highest common divisor of i and 144?
48
Suppose -237 = 2*p - m, 5*p - 8*p = m + 353. Let d = -109 - p. Let i = d - -25. What is the highest common factor of i and 102?
34
Suppose 2*m + 2*m = 100. Let b = -15542 + 15562. What is the greatest common divisor of m and b?
5
Let d(h) = 5*h**2 + 194*h - 587. Let q be d(3). What is the highest common factor of 440 and q?
40
Let n(p) = 31*p**2 - 21 - 15*p**2 - 15*p**2. Let j be n(-5). Suppose 236 = j*m - 5*u, 3*m - 2*m - 3*u - 66 = 0. Calculate the greatest common factor of m and 6.
6
Let q = -13274 - -13966. Calculate the greatest common divisor of q and 9169.
173
Let y be 52/(-39)*3/2. Let p be -3 - ((-4)/y + -46). Suppose -p = -4*s + j, s = -4*s - 3*j + 64. Calculate the greatest common factor of 33 and s.
11
Let n = -8167 - -8169. Calculate the highest common divisor of n and 3442.
2
Suppose -48 + 0 = -12*l. Suppose n - 185 = -l*n. Let y = 40 - n. Calculate the highest common divisor of y and 21.
3
Suppose 3*t + q = 1284, -340*t = -335*t + 3*q - 2132. What is the highest common divisor of t and 301?
43
Suppose 39*r = -118*r + 34*r + 5904. Calculate the greatest common divisor of 768 and r.
48
Let a(u) = -32*u**3 - 4*u**2 - 27*u - 44. Let s be a(-3). Calculate the highest common divisor of 2076 and s.
173
Let k(w) = -w**2 - 143*w - 3812. Let l be k(-99). What is the greatest common divisor of 221 and l?
17
Let x(q) = 29*q + 4. Suppose -31 = -0*z + 2*z - 5*m, 4*z - 3*m = -27. Let o be x(z). Let d = -17 - o. Calculate the greatest common factor of 22 and d.
22
Let s = -83 + 89. Let q(p) = p + 54. Let a be q(s). Let t be (-2)/(-3*2/a). What is the greatest common divisor of 50 and t?
10
Suppose 740 = 5*y - m, 3*y - 190 - 246 = -m. Suppose 7*p - y = -98. Calculate the greatest common divisor of p and 56.
7
Let r = 41 - 45. Let l be 4*r/(-8) + 4. Let i be (-38)/14 + (-2)/7 - -4. Calculate the highest common divisor of i and l.
1
Let x(l) = -2*l**2 - 11*l. Let f = -6 + 1. Let a be x(f). Suppose 2*y + y + 3 = 0, -63 = -a*o + 3*y. What is the highest common divisor of o and 24?
12
Let b be 32/6*(-162)/20*(-760)/456. What is the highest common factor of b and 378?
18
Let o = 551 + -549. Suppose 51 - 184 = -5*z - s, 5*s = 3*z - 63. Let l = z + -6. What is the highest common factor of o and l?
2
Let b = 143 - 130. Let c(h) = 3*h**2 - 8*h - 46. Let n be c(b). What is the highest common divisor of 21 and n?
21
Let a be ((-425)/(-20) - 20)*(2124 + 0). What is the greatest common factor of a and 405?
45
Suppose 517 - 1452 = -17*x. Suppose 5*z = s - x, -2*z - 67 = -6*s + 5*s. What is the greatest common divisor of 30 and s?
15
Let d be 2*((-18)/4)/(-3). Let r = 549 - 544. Suppose -59 = -r*z - 4*p, -z + p + 9 = -10. What is the highest common divisor of d and z?
3
Let c be -1*4*(-4)/((-16)/(-21)). Let o be 83 - 14 - c/(-3). What is the greatest common divisor of o and 209?
19
Let z(b) = b**3 - b**2 + b + 4. Let f be z(0). Suppose f*u + 124 = 2*q, -5*q + u + 157 + 198 = 0. Calculate the highest common factor of q and 9.
9
Let x(c) = -c**2 + 14*c - 25. Let l be x(10). Suppose 6*h - 4*h - 2*j = 346, -340 = -2*h - j. Let a = h + -36. Calculate the highest common factor of a and l.
15
Let u = 19719 + -19455. Suppose 5*h = -5*z + 80, -2*z - 4*h = z - 52. Calculate the highest common divisor of u and z.
12
Suppose -32*t - 2904 = -65*t. Calculate the greatest common factor of 3322 and t.
22
Let x(h) = -h**3 + 31*h**2 - 31*h - 111. Let z be x(29). Calculate the highest common divisor of 147 and z.
21
Let m(a) be the first derivative of a**4/2 - a**3 - 5*a**2/2 + 7*a + 18. Let g be m(4). Let i = g - 60. What is the highest common factor of 7 and i?
7
Let t = -2384 + 2387. Let f be 2/6 - 16/(-6). Calculate the greatest common factor of t and f.
3
Let j(v) = 123*v - 13. Let k be j(5). Let n = k - 397. Calculate the greatest common factor of 41 and n.
41
Let q be 12 - 0/(-2 - -4). Let c(v) = -v**3 - 87*v**2 - 1733*v + 177. Let g be c(-56). Calculate the highest common factor of g and q.
3
Let k be (-152 + 170)*((-94)/(-3) + 0)*3. What is the greatest common divisor of 252 and k?
36
Let c be 5/(129/(-564) - 15/(-60)). What is the greatest common divisor of 2209 and c?
47
Suppose -5*v + 155 = 5*q, 23 = q - 3*v - 28. Let z(o) = -33*o - 6. Let d be z(-2). Calculate the highest common divisor of d and q.
12
Suppose 165*p - 324384 = -189*p + 106*p. Calculate the greatest common factor of 12 and p.
12
Let j(o) = -2*o**3 + o + 40. Let b be j(0). Suppose 80 = 4*f + 4*c, -5*f = -4*c + c - 60. Calculate the highest common divisor of b and f.
5
Suppose 264 = -29720*n + 29721*n. Calculate the greatest common factor of 32 and n.
8
Let x(d) = -9*d + 124. Let w be x(-9). Let j = -52 + w. Calculate the greatest common divisor of 27 and j.
9
Let i = 30 + -20. Suppose 0 = 10*g - i - 10. Suppose 3*n - q - 59 = 0, 5*q = g*n + 3*n - 95. Calculate the highest common divisor of 10 and n.
10
Let i(y) = 18*y - 79*y**3 - 6 - 13*y**2 + 142*y**3 - 65*y**3. Let d be i(-8). Calculate the highest common factor of d and 12.
6
Suppose -5*u - 6276 = -5*g - 501, -4*u - 4628 = -2*g. Let z = 1195 + u. Let l = -18 - -42. Calculate the highest common factor of z and l.
12
Let f(o) = o**3 + 15*o**2 + 32*o - 22. Let u be f(-13). Let s = u - -108. Calculate the greatest common factor of 124 and s.
4
Let x be (-1)/(((-2)/11)/2). Suppose -499*g - 362*g + 37884 = 0. What is the greatest common factor of x and g?
11
Let g = -18988 + 19158. What is the greatest common divisor of g and 1088?
34
Let k(r) = -49*r**3 + 3*r**2 + 10*r + 31. Let c be k(-4). Calculate the highest common divisor of c and 254.
127
Suppose 4*v + 6*m - 245 = 393, 5*v + 2*m = 814. What is the highest common divisor of v and 1517?
41
Suppose -187*u + 159*u + 342 + 50 = 0. Let m(h) = 18*h**2 - 2*h + 2. Let p be m(2). What is the highest common factor of p and u?
14
Let y be (-21)/(-6)*(231 - -19). Calculate the highest common divisor of 2875 and y.
125
Let z(y) = -680*y - 4682. Let i be z(-7). Calculate the greatest common factor of i and 11622.
78
Let f = -112 + 131. Suppose -6*p + 113 = -f. Calculate the greatest common factor of p and 66.
22
Let z = -92 - -91. Let u be ((3 + 0)/3)/(z/(-3)). Suppose u*v + 27 = 6*v. What is the greatest common factor of v and 9?
9
Let p be (-6)/39 - 632/(-52). Suppose -3*m + 51 = -5*o, -3*m + 38*o + 39 = 37*o. Calculate the highest common factor of m and p.
12
Let b be 2510 - -13 - (5/1 - 2). Let y be (-3 - 1)/((-224)/b). Let r be (0 + 1)*1 - -4. Calculate the highest common factor of y and r.
5
Suppose -3*q - 72 + 135 = 2*v, 4*q + 5*v = 77. Calculate the greatest common divisor of 20861 and q.
23
Let w = 6408 - 6410. Let z be 2*-13 - (4 - 2). Let m be w/(-7) + (-384)/z - 3. Calculate the greatest common factor of 121 and m.
11
Let f(b) = b**2 - 1. Let j be f(-1). Suppose j = 5*o - 195 - 5. What is the highest common divisor of o and 30?
10
Let m be (1/(-2))/(34/(-102)) - (-22)/4. Let q = -162 + -63. Let n = 358 + q. Calculate the highest common divisor of n and m.
7
Let d(r) = 239*r - 2. Let x be d(3). Let v = 176844 - 176779. Calculate the greatest common factor of x an